 greatest common factor of 63 and d.
9
Suppose 4*x - 1140 = -312. Let t be x/4 - (124/16 - 7). What is the greatest common divisor of 34 and t?
17
Let h(i) = i**3 + 11*i**2 + 13*i - 29. Let k be h(-7). Suppose -k = b - 20*b. Calculate the highest common factor of b and 148.
4
Let u be 3*-2*(-26)/4. Suppose -5*z - 66 = -16*z. Let d be z*(-4)/((-8)/13). What is the highest common factor of u and d?
39
Let t(v) = -143*v - 139. Let n be t(-1). What is the highest common factor of 68 and n?
4
Let o = 2110 + -2096. What is the greatest common divisor of 469 and o?
7
Suppose -5*l = 3*t - 167, t - 8 + 9 = 0. Calculate the greatest common factor of l and 28.
2
Suppose -24*a + 15174 + 12599 + 259 = 0. Calculate the highest common divisor of 219 and a.
73
Suppose -392*c + 389*c + 4*o + 469 = 0, 0 = 4*c - o - 634. Calculate the highest common divisor of c and 106.
53
Suppose 4 - 13 = -3*q. Suppose -312 = q*j - 1320. Suppose 0 = -6*u - 2*u + j. What is the highest common factor of u and 126?
42
Suppose 5*s - 3*u = 1683, 1020 = 3*s + 3*u + 15. Let m = s + -244. Calculate the highest common factor of m and 161.
23
Let s(m) = m**2 - 8*m + 12. Let p be s(16). What is the greatest common divisor of 105 and p?
35
Let x(m) = -13 + 16 + 20 - 309*m + 318*m. Let f be x(23). What is the greatest common factor of f and 10?
10
Let v be (0/1 + 6)*(-1790)/(-1074). What is the greatest common divisor of v and 2095?
5
Let v = -12624 - -12643. What is the greatest common divisor of 2508 and v?
19
Let x = 77 + -69. Suppose 5*u = -15, -4*u - x = 3*d - 2. Let j be d/8 + (-766)/(-8)*1. Calculate the greatest common factor of j and 32.
32
Suppose 84 = 50*v - 46*v - 2*m, 92 = 5*v + 4*m. What is the highest common factor of v and 135?
5
Suppose -242*f - 36657 + 406168 + 129251 = 0. What is the greatest common factor of f and 1832?
229
Suppose -33*u + 4*u + 9243 = -20*u. Calculate the greatest common factor of u and 1501.
79
Suppose 8826*p - 8809*p - 595 = 0. Calculate the greatest common divisor of p and 1540.
35
Let d be (-1 - -4) + (2 - 3)*3. Suppose -9*n - 4*n + 338 = d. Suppose 0 = 2*s, n = 2*z - s - 2. Calculate the greatest common divisor of z and 70.
14
Let n be ((-27)/(-4))/(12/64). Suppose 16*b = 21*b - 3*m - 789, 5*b + 5*m = 845. What is the highest common divisor of b and n?
18
Suppose 23*t - 19*t + 20 = 0. Let c be (-29)/(-5) - (24/5 + t). What is the greatest common factor of c and 4?
2
Suppose -19*h + 7026 + 84 + 1611 = 0. Calculate the greatest common divisor of h and 255.
51
Suppose 4*c = 81*c - 33*c - 308. Suppose 3*k - k + 32 = 0. Let x = k - -51. Calculate the greatest common factor of c and x.
7
Let u be 8/3 - 26/(-6). Suppose u*b - 2870 = -665. Calculate the greatest common divisor of b and 135.
45
Suppose 5*b = 3*h - 654 - 394, 3*h = 4*b + 1043. Let q(v) = -10556*v + 84459. Let g be q(8). What is the greatest common factor of g and h?
11
Let v = -160 + 334. Suppose 2*c - 4*g - 92 = 0, -4*c - 5*g + v = -36. Let b = 2153 - 2128. Calculate the greatest common divisor of c and b.
25
Let r(k) be the second derivative of -k**5/20 + 23*k**4/12 + 5*k**3/6 + 19*k**2 - 4*k + 4. Let b be r(23). Calculate the highest common factor of 34 and b.
17
Let g(d) = -d**2 - 9*d + 78. Let m be g(5). Let z be 2/m + (-402)/(-24). Calculate the greatest common factor of 85 and z.
17
Let r(a) = a**3 + 27*a**2 + 16*a - 67. Let j be r(-26). Let z = 307 - j. What is the highest common factor of z and 399?
57
Let l be (-376)/(-6) - (-12)/9. Suppose l = f + 2*s, 4*f - 5*s - 203 = f. Calculate the highest common factor of f and 6.
6
Let k(q) = 2*q**2 + 3*q - 4. Let f be k(-3). Suppose 4*z - 54*z + 40 = -60. What is the highest common factor of f and z?
1
Suppose 5*r = -2*t + 570, -t - 9 + 297 = 4*r. Suppose -36*l + 41*l - t = 0. Calculate the greatest common divisor of 448 and l.
56
Suppose -m + 2*m = 37. Let y = m + -22. Let p = -4631 - -4637. What is the greatest common divisor of y and p?
3
Let f(b) = -2*b**3 - 160*b**2 - 213*b - 231. Let n be f(-79). Calculate the greatest common divisor of 17 and n.
17
Let k(u) = -12*u**3 - 20*u**2 - 17*u + 1. Let r be k(-1). Let l = 507 + -187. What is the highest common divisor of l and r?
10
Let f(x) = x**2 - 29*x - 246. Let b be f(52). What is the greatest common factor of 75 and b?
25
Let t(f) = 27*f - 108. Let d(l) = -25*l + 108. Let m(p) = 2*d(p) + 3*t(p). Let c be m(12). Calculate the greatest common divisor of 12 and c.
12
Let y = -41 - -556. Calculate the highest common factor of y and 721.
103
Let o be ((-30)/(-4))/(12/120). Let r be (-6)/(18/(-255)) + -2. Suppose -17 = -4*l + r. Calculate the greatest common factor of o and l.
25
Let v be 441 + (13 - (8 + -9)). Calculate the greatest common divisor of v and 273.
91
Let f = -157 - -221. Let c = -61 + f. Suppose c*v - 14 = 2*z - 80, 0 = 5*z + 3*v - 207. Calculate the highest common factor of 26 and z.
13
Suppose -l = -2*l + 7. Let z(h) = 2. Let k(d) = 5*d + 110. Let v(o) = k(o) - 6*z(o). Let f be v(7). Calculate the highest common factor of l and f.
7
Let f(z) = 4*z + 42. Let s be f(-10). Let u be 1/s*-38*-2. What is the greatest common factor of 266 and u?
38
Let y(p) = 303*p**2 - 548*p + 3. Let m be y(2). What is the highest common divisor of m and 527?
17
Let l(y) = y**3 - 3*y**2 - 5*y + 2. Let d be l(4). Let r = d - -54. Let x = 6857 + -6818. Calculate the highest common factor of x and r.
13
Suppose -34*m + 9108 - 541 - 1019 = 0. Calculate the greatest common divisor of m and 74.
74
Let a be 10 - ((-120)/10 - 97). What is the highest common divisor of 161 and a?
7
Let z = 3733 - 3037. Calculate the highest common divisor of 24 and z.
24
Let q be (-23)/207 + (-1261)/(-9). Calculate the highest common factor of 3500 and q.
140
Let w(n) = 3*n - 38. Let k be w(17). Let p = k - 14. Let f(q) = 115*q**2 - 2*q. Let m be f(p). Calculate the greatest common divisor of m and 9.
9
Let j(v) = 19*v - 1155. Let r be j(82). What is the highest common factor of 279 and r?
31
Let n(x) = -x**3 - 39*x**2 + 111*x - 624. Let p be n(-42). Calculate the highest common divisor of p and 2073.
3
Suppose r = 5*r - 2*d - 302, 3*d + 68 = r. Suppose 0 + 36 = -4*z. Let n be (-18)/81 - 101/z. Calculate the highest common factor of r and n.
11
Let d(j) = j + 16. Let n(f) = f**3 + f**2. Let u(r) = d(r) - n(r). Let v = 27 + -27. Let b be u(v). What is the highest common divisor of 16 and b?
16
Let b = -28 - 9. Let a = b + 33. Let c be (a/10)/(-1 - (-88)/90). Calculate the greatest common factor of 45 and c.
9
Suppose 3*r - 264 = a - 10841, 2*a - 5*r = 21146. Calculate the greatest common divisor of 61 and a.
61
Let o(r) = r**3 - 7*r**2 + 6*r + 6. Suppose -5*q = 3*l - 0*q - 18, 4*l - 24 = 5*q. Let v be o(l). What is the highest common factor of 30 and v?
6
Let g(k) = k + 21. Let x be g(-17). Suppose z + 37 = 4*z - x*v, -z + 5 = -5*v. Let q = z - 9. What is the greatest common divisor of 3 and q?
3
Let w(n) = n**3 - 9*n**2 - 18*n + 83. Let i be w(10). Suppose -h = i*z + 18 - 199, -2*h = z - 57. Calculate the highest common divisor of 549 and z.
61
Suppose 3*o + 140 = -148. Let p = o + 97. Suppose 7*f - 22 = -p. What is the greatest common factor of 9 and f?
3
Suppose -5*b + 3*m - 135 = 0, -12*m = -5*b - 13*m - 155. Let c be (2 + 51/(-18))*b. What is the highest common divisor of 20 and c?
5
Suppose 583376 = 287*k - 543099. What is the greatest common factor of k and 275?
25
Suppose 7*o - 545 = -2*k, -26*o = -21*o - 3*k - 345. Let w be -2 + (52 - (-1 + 1)). What is the highest common divisor of w and o?
25
Let n = 16908 - 16828. Calculate the highest common factor of n and 1310.
10
Suppose -m - b - 2 = 0, 0*m - 2*b - 4 = -2*m. Suppose m = 2*c - 3*c + 81. Suppose 0 = -67*p + 72*p - 45. What is the highest common factor of c and p?
9
Let c(y) = 28*y**2 + 9*y + 29. Let t be c(12). Let r be 6/4 + -2 + t/22. What is the greatest common divisor of r and 63?
63
Suppose -12*p - 9*p + 205560 = 9*p. What is the greatest common factor of p and 12?
12
Let k = 1982 - 1901. What is the highest common factor of k and 3969?
81
Suppose -2*z - 4*i + 114 = -198, -2*z + 306 = 2*i. Calculate the greatest common divisor of z and 474.
6
Let f(y) = 3*y + 11. Let n(p) = -9*p - 30. Let j(s) = 8*f(s) + 3*n(s). Let q = -16 - -9. Let a be j(q). What